z + s - 2315. Let r = -1614 + z. Is r a composite number?
True
Let h(f) = 2136*f - 7 + 593*f + 1674*f. Let p be h(-6). Is 6/(-27) - p/45 composite?
False
Suppose 88*l - 222 = 91*l. Let f = 68 + l. Is 8/f*(-4584)/16 prime?
False
Let b(t) = -t**2 + 4*t - 33. Let k be b(0). Let q be (-2)/(-20)*-2 - k/15. Let g(r) = 27*r**2 + 7*r - 3. Is g(q) a composite number?
True
Let j = -658 - -658. Suppose 690 = l - j*l + 2*z, 0 = z + 2. Is l a prime number?
False
Suppose -5*a + 304504 = 3*o, -44*a = -45*a + 2*o + 60893. Is a a prime number?
True
Suppose 4*q - 131115 = -o + 62234, -20 = -4*o. Let a = q - 32477. Is a a prime number?
True
Let i(d) = 519*d**2 - 119*d - 1715. Is i(-32) prime?
True
Let y(p) = 957*p**2 + 2*p + 84. Is y(13) prime?
False
Suppose 2*m = 4*m + 112. Let a = 56 + m. Suppose 3*o - 741 - 372 = a. Is o a prime number?
False
Let a(s) = 3*s - 5. Let n be a(3). Suppose -2*b + 1 = 9, n*b = -3*f - 25. Is 51612/54 + f - 4/(-18) prime?
True
Let x = 53643 - 482. Is x a composite number?
False
Suppose 2*q = -4*s + 1054880, 2*s - 533694 = 2*q - 6236. Is s a prime number?
True
Let w(x) = 63*x - 11. Let m(i) = 127*i - 21. Let v(f) = -2*m(f) + 5*w(f). Let n be v(4). Let s = 100 + n. Is s a composite number?
False
Suppose 7226 = 2*v - 4*z, -3*v = -3*z + 7*z - 10819. Suppose 2*c = -3*s + 3607, -3*s + 0*s = 3*c - v. Is s a composite number?
False
Let c(d) = -1017*d - 5. Let o be c(-7). Let n = o + -2001. Suppose -2*v + n = 1325. Is v prime?
False
Suppose 2387738 = -195*v + 14522003. Is v prime?
False
Suppose 0 = -2*y - 5*p + 533938 + 331458, 0 = -3*y + 2*p + 1298151. Is y a composite number?
False
Suppose 21*l = 331396 + 1139675. Is l composite?
False
Let h be -1 + -4 - (-104 - -20). Suppose 5*p - 75*g + h*g - 2211 = 0, -5*p + 2214 = g. Is p a composite number?
False
Suppose 5*v - 3*l + 3 = 10, 2*v - 2*l = 2. Let c be 21/(-14)*v*1. Is ((-2)/c)/((-2)/(-3516)*4) composite?
False
Let k(s) = -3*s**3 - 7*s**2 + 9*s + 21. Let c be k(-10). Let w = 8654 - c. Is w a prime number?
False
Let s be 4/(-6)*1*9/6. Is ((-1)/2)/(s*(-6)/(-5988)) composite?
False
Let o = 219601 - 20788. Is o a composite number?
True
Let s = -17 - -14. Let f(u) = -87*u**3 + 2*u**2 + 6*u + 10. Is f(s) composite?
True
Let v(f) = 6*f - 39. Let h be v(7). Suppose -h*t + 68213 = 2*l, 9*t - 2*l = 4*t + 113699. Is t composite?
False
Let d = 33628 + -22901. Is d a composite number?
True
Let x = 343526 + -203587. Is x a prime number?
True
Suppose 0 = 10*f - 43 - 17. Is (791/2)/(f/72*6) composite?
True
Is ((-30)/(-9))/(-5) + 13/((-546)/(-1655458)) prime?
False
Let y be (-1980)/(-405) - 1/(-9). Suppose 10*t - 5*t + o = 12896, -4*t + 10311 = -y*o. Is t a composite number?
False
Is 203059*18/(-72)*1*-4 a composite number?
True
Let k be (-7)/((-126)/33615) + (-1)/(-2). Let c = -981 + k. Is c a prime number?
True
Is (-1)/2*(267 + -107951) composite?
True
Let g(p) = 61*p**2 - 5 - 13*p - p**3 - 3 - 48*p**2. Let c be g(12). Let m(b) = -b**3 - 19*b**2 - 12*b - 29. Is m(c) composite?
True
Let s = -160 + 165. Suppose s*w + 5608 = 13*w. Is w prime?
True
Is (445826/(-7))/(44/(-154)) prime?
True
Is ((-12937642)/222)/(4 - (-52)/(-12)) composite?
True
Let y(p) = 2*p**3 - 90*p**2 - 53*p - 379. Is y(48) a prime number?
False
Suppose -5*g = -15, -1 = 5*i + g - 14. Suppose 5*q = q + 4*z - 1140, i*q = 5*z - 582. Let x = q - -1272. Is x prime?
True
Suppose -3*t = 2*x - 158713, -396755 = -97*x + 92*x - 2*t. Is x composite?
False
Let g = 30524 + 109443. Is g composite?
False
Suppose 68*o = 319*o - 71775709. Is o composite?
True
Let u = 97 + -97. Suppose u = -v + 2*s + 4191, 3*v - 2*s - 12574 = -21. Is v composite?
True
Let a(m) = -1435*m - 119. Let p be a(-29). Suppose -2*t = 2*t + 4*g - p, -4*t - 5*g = -41501. Is t a prime number?
True
Suppose 0 = 4*b - 5*i - 53549, 2*b = -5*i + 25057 + 1680. Is b composite?
False
Let i = -113205 - -384862. Is i a prime number?
True
Let i(v) be the third derivative of v**4/24 + 37*v**3/6 - 2*v**2. Suppose 0 = -42*a + 598 + 158. Is i(a) a prime number?
False
Let l(s) = -s**2 + s. Let p(m) = -7*m**2 - 8*m - 59. Let b(g) = 5*l(g) - p(g). Is b(-6) a prime number?
True
Suppose -139*g + 1826840 + 1961064 = 898233. Is g a composite number?
False
Let d = 164936 + -75243. Is d prime?
False
Let q = 400 + -149. Suppose -2*d - q = -k, 224 = 2*k - 3*d - 278. Is k a composite number?
False
Let c = -12927 - -20828. Is c + -1 + (-3)/(-3) a prime number?
True
Let j(h) = -h**3 - 15*h**2 - 18*h + 7. Let l be j(-10). Let r be 1216/2 - (23 - 23). Let z = l + r. Is z prime?
False
Let h = -430 + 53072. Is h a composite number?
True
Suppose -19 + 42 = -d. Let y = 23 + d. Suppose -b + 2*u + 898 = y, u + 344 - 3038 = -3*b. Is b a prime number?
False
Suppose -q - 267 + 268 = 0, 0 = 4*b - 2*q - 944114. Is b a composite number?
True
Suppose 2*b + 21*k - 23*k - 1334804 = 0, -2*b - k + 1334831 = 0. Is b prime?
False
Suppose 5*o + 785 = -3*x - 1150, -4*o = -3*x + 1548. Let d = 3037 - o. Suppose -i + 0*i - m = -3406, -5*m - d = -i. Is i a prime number?
False
Let b = -43008 + 180007. Is b a composite number?
False
Let o(j) = -10694*j**3 + 5*j**2 + 4*j - 5. Is o(-2) composite?
True
Suppose 342853 = 5*s - 5*d + 2*d, -68573 = -s + d. Is s a composite number?
False
Let m(k) be the first derivative of -709*k**5/120 + 3*k**4/8 - 47*k**3/3 - 44. Let x(u) be the third derivative of m(u). Is x(-1) composite?
True
Suppose 5*d = 37*r - 33*r + 2434571, 7*r = 3*d - 1460761. Is d prime?
False
Suppose 87726 = 9*z - 70530. Let o = z + -7449. Is o prime?
False
Suppose 0 = -217*a + 219*a - 9*d - 95971, -3*a - 4*d + 144079 = 0. Is a composite?
False
Let u = -3701 - -140004. Is u a composite number?
False
Let u be (-7 - -2)/(4/32*-10). Let h(q) = 3*q + 17*q + q + 3. Is h(u) composite?
True
Suppose 2015*o = 2012*o - 19894 + 1058011. Is o a prime number?
True
Let l(w) = -w**3 - w**2 + w - 2. Let y be l(-2). Suppose -4*i = -26*i + 3476. Suppose 464 = 3*p - y*z + z, -i = -p + 3*z. Is p a composite number?
True
Let x be ((-18)/(-12))/((-6)/8). Suppose 4*r - 8*r = -16, 0 = -3*u - r + 28. Is (u/12)/(x/(-3543)) a prime number?
True
Let o be ((-18)/15)/((-1)/14775*-5). Let j = 7708 + o. Is j a composite number?
True
Suppose -2*d = -3*d - 3*i + 14, -8 = -2*d - i. Suppose -3*b = -d*s + 10579, 5*b - 5203 = -s + 119. Is s prime?
True
Suppose 2*l - 43 = -4*n + 19, -2*n = -3*l - 51. Let t be (-494)/117 - ((-40)/n - -2). Is (7/(140/37624))/(t/(-10)) a composite number?
False
Let z be (-2)/6 - 422/(-6). Let g be (0 - 10/(-5)) + (-2 - -13). Let u = g + z. Is u a composite number?
False
Let j = -26649 - -15462. Let b = j + 22883. Suppose 3*r - 3*i - 6646 = 5060, 3*r - 5*i = b. Is r composite?
False
Suppose 14*l = -1041299 + 5956461. Is l prime?
False
Suppose 40*h - 25878402 - 575389 = -51*h. Is h a composite number?
False
Suppose 2*i + i = 9. Suppose 3*v = -v - 16, 5*v = i*h - 3050. Suppose -14*z - h = -19*z. Is z a prime number?
False
Let y(f) = -f - 10. Let q be y(-12). Is q/7 - (4 - 690594/42) composite?
True
Let i = 597346 + -269405. Is i prime?
True
Let l be 2 - 2 - (94555 + 1). Suppose -m = 5*y + m + 118049, 4*m = 4*y + 94456. Is (-1)/((-2)/8 + y/l) prime?
False
Let a = 252337 - -466. Is a composite?
True
Let r(g) = 23033*g - 5358. Is r(5) composite?
False
Let a = 87 - 64. Suppose 0*q - 5*d + 9 = 2*q, -4*q - 5*d = -a. Suppose -q*w = -5719 + 756. Is w a prime number?
True
Suppose -3*l + 18*r - 16*r - 94 = 0, 0 = 5*l - 3*r + 156. Is (6230/l)/(2/(-6)) a prime number?
False
Let g be (-12)/54*-9 - (1 - 7). Let c(u) = 8*u**2 - 8*u - 18. Let b be c(g). Suppose 4*i - j - 1954 = -b, -378 = -i + j. Is i prime?
False
Let r = 12 - 27. Let m be (r/18)/((-3)/18). Is 887/(((-5)/(-1))/m) a composite number?
False
Let o(u) = 16*u**3 - 33*u**2 - 36*u - 151. Is o(18) prime?
False
Let n(a) = a**2 + 10*a - 25. Let w be n(-11). Let f(j) = -660*j + 14. Let i be f(w). Suppose 11293 = 9*r - i. Is r composite?
True
Suppose 0*j + 31*j - 140585 = 0. Let h = -3 - -8. Suppose 1744 = 2*v + r - 70, -3*r = -h*v + j. Is v prime?
True
Suppose 14*q - 77*q + 4138382 + 3038641 = 0. Is q prime?
True
Let y(z) = z**2 - 13*z + 3. Let o be y(13). Suppose -3*r = s + 1222, -o*s + 3*r - 4918 = s. Let i = s - -1897. Is i a prime number?
False
Let m = 1596 + -851. Let p = m + -392. Is p a composite 